 factors of (-13)/(-15) + 8/60 - -1*6801?
2, 19, 179
Let f(x) be the second derivative of 13*x**3/6 - 3*x**2/2 - 2*x. Suppose 69*v = -25*v + 564. What are the prime factors of f(v)?
3, 5
Suppose -625*v = -508*v - 1579383. List the prime factors of v.
13499
Let n(q) = -q**3 - 8*q**2 + 10*q + 13. Let z be n(-9). Suppose -z = 5*c - 19. Suppose 4*d = c*d + 14. What are the prime factors of d?
2, 7
Let q = -9 - -6. Let h(p) = -134*p - 20. Let n be h(q). Let x = -185 + n. What are the prime factors of x?
197
Let o(x) = 30*x**3 - 17*x**2 + 14*x - 54. What are the prime factors of o(7)?
3, 3167
Suppose 36 = 2*p + 3*t, 3*p + p - 5*t = 94. Suppose 2*q - p*q = -2698. What are the prime factors of q?
2, 71
Let u = -14225 + 20207. List the prime factors of u.
2, 3, 997
Let t = 5242 - 2714. List the prime factors of t.
2, 79
Suppose 90*f = 118*f - 301420. List the prime factors of f.
5, 2153
Let m = 49 - 30. Suppose -10*k - m = 21. What are the prime factors of 8/(-6)*(-5 + 190/k)?
2, 5, 7
Suppose -8*u = -2766 - 8618. Suppose -1408 = -7*x + 3*x + 4*n, 4*x - u = n. What are the prime factors of x?
3, 7, 17
Suppose -7792 = -v - 2*i + 14544, -21 = 3*i. What are the prime factors of v?
2, 3, 5, 149
Suppose 4*m = -5*t + 72106, -5*t - 4*m = -9*m - 72115. What are the prime factors of t?
2, 7211
Suppose v = -3*m + 10 - 2, 0 = 5*m. Let g(y) = -y**2 - y**2 + 3*y**2 + 15 + 5*y - 13*y + 0*y**2. List the prime factors of g(v).
3, 5
Let i = -2078 - -4786. Suppose 2*a - f - 2204 = 0, -5*a - 3*f + i = -2802. What are the prime factors of a?
2, 19, 29
Let y be (-238)/(-4)*(-2200)/(-350). Suppose 55 = h - y. What are the prime factors of h?
3, 11, 13
Let l(x) = 9*x**2 - 4*x + 122. Let h be l(10). Let n = h + 240. What are the prime factors of n?
2, 13, 47
Let d = 24762 + 2379. List the prime factors of d.
3, 83, 109
Suppose 0 = -5*u - 2*n + 587 + 2192, 2224 = 4*u + 2*n. Suppose 0 = 3*x, 2*t = 7*t + x - u. What are the prime factors of t?
3, 37
List the prime factors of 184548/34 + (-46)/(-391).
2, 23, 59
Let f = -103 - -127. Suppose 11*z + f = 8*z. List the prime factors of z*(-6)/12 + 1.
5
Suppose -86*s - 236215 = -1095186 - 206913. List the prime factors of s.
2, 6197
What are the prime factors of 155889/66 - (-35)/770?
2, 1181
Suppose 13735 = 3*t - 0*n + 4*n, -t = -4*n - 4573. List the prime factors of t.
23, 199
Let q be (0 + (-4)/(-4))/(9/(-3159)). Let c = 397 + q. What are the prime factors of c?
2, 23
Let u(j) = -j + 4. Let t be u(0). Suppose -t*b - 53 = -881. What are the prime factors of b?
3, 23
Let i be (2 - 85/20)*9/((-81)/(-624)). Let z(y) = y**3 + y**2 - y + 297. Let n be z(0). Let j = i + n. What are the prime factors of j?
3, 47
Let h be (-8 + 8)/((-2)/2). Let z(l) = l**3 + 2*l**2 + 3*l + 219. What are the prime factors of z(h)?
3, 73
Let m(c) = -c**2 + c + 4. Let v be m(3). Let z be (5/(-10))/(v/36). Suppose -5*j - 300 = -z*j. What are the prime factors of j?
3, 5
Let t(i) = -265*i + 85*i + 180 + 87*i + 72*i. List the prime factors of t(-21).
3, 23
Suppose -5*o + 29 + 6 = 0. Suppose o*p = -38 - 25. Let g(a) = -9*a + 29. What are the prime factors of g(p)?
2, 5, 11
Suppose -2*t + 7866 = -5*q, -t + 1647 = -2*q - 2287. What are the prime factors of t?
2, 11, 179
What are the prime factors of 43/(5848/2485638)*8/6?
3, 8123
Suppose 31924 = 5*t + 2*i, -2*i + i = -2. What are the prime factors of t?
2, 3, 7, 19
Let m(y) = -20*y - 9*y**2 + 10 + 6*y**2 + 4*y**2. Let i be m(12). Let d = -55 - i. List the prime factors of d.
31
Let y = 10 - -27. Suppose 3*b = y - 304. Let m = 128 + b. List the prime factors of m.
3, 13
Suppose -3*w = -b + 5372, 42*w - 39*w = -5*b + 26860. List the prime factors of b.
2, 17, 79
Suppose 4*b + m - 495 = 0, -2*b - 2*m + 271 - 31 = 0. Let r = b - -206. What are the prime factors of r?
331
Suppose 4*r - 89936 = 10*r - 14*r. What are the prime factors of r?
2, 7, 11, 73
Let t = -79 - -80. Let q(w) = 4*w**2 - w. Let j be q(t). Suppose 2*v - 879 = -4*r - v, 0 = j*r - 2*v - 655. What are the prime factors of r?
3, 73
Suppose 8633154 = 340*h + 1637135 - 19303321. List the prime factors of h.
77351
Suppose 3*d + 2*o = 7*d - 22502, 4*d = -2*o + 22506. List the prime factors of d.
2, 29, 97
Let o(h) = -h**3 + 11*h**2 - h + 13. Suppose a - 4*f = -f + 10, -5*a = -2*f - 24. Suppose v - 24 = 4*w - 64, 40 = a*w + 3*v. What are the prime factors of o(w)?
103
What are the prime factors of 0 - -2564 - (39 - 15)/(-24)?
3, 5, 19
Suppose 2*w = 211 + 359. Let y = w + 139. What are the prime factors of y?
2, 53
Let m(n) be the third derivative of 193*n**4/6 + 3*n**3/2 + 3*n**2 - 19. List the prime factors of m(1).
11, 71
Let y(a) be the third derivative of -a**5/30 + 13*a**4/12 - 3*a**3 + 5*a**2. Let q be y(12). Suppose 90 = -i + q*i. List the prime factors of i.
2, 3
Suppose -90 = -4*q + 34. Let r = -29 + q. Suppose -r*j = -2*a - 152, -j - 2*a - 9 = -73. What are the prime factors of j?
2, 3
List the prime factors of 6927/((-18)/28*3*49/(-63)).
2, 2309
Suppose -2*u + 6*u - 20 = 0, 1302 = 2*a - 4*u. Suppose -r = -5*i - 3*r + a, -5*r = -5*i + 640. What are the prime factors of i?
131
Let c(v) be the third derivative of 113*v**6/120 + v**5/30 - v**4/12 + 10*v**2 - 5. List the prime factors of c(2).
2, 227
Suppose -3*r = -u - 8998, 5*u - 15030 = -23*r + 18*r. List the prime factors of r.
3001
Let f(w) = 22*w**2 - 25*w + 1617. What are the prime factors of f(22)?
3, 5, 11, 71
Suppose -71 = -o - 56. Suppose -o*w + 5*w - 1290 = 0. Let y = -48 - w. List the prime factors of y.
3
Let b = -292 + 5134. List the prime factors of b.
2, 3, 269
What are the prime factors of (13324/3)/(7/21)?
2, 3331
Suppose -6143 = -4*n - 5*d, -d = -2*n - 0*d + 3089. List the prime factors of n.
2, 3, 257
Suppose 43*h - 2*h - 2324905 = 0. What are the prime factors of h?
5, 11, 1031
Suppose 22*u + 176526 = 15*u + 16*u. List the prime factors of u.
2, 3, 7, 467
Suppose 2*i + 3*j = 137, i - 219 = -3*i + 5*j. Suppose 0 = -4*y + i + 99. Suppose -s + y = 15. What are the prime factors of s?
5
Let k = -197 + 194. What are the prime factors of (-1)/2*2708*k/6?
677
Suppose 18*w = -308434 + 1012648. What are the prime factors of w?
3, 7, 23
Let c = -10724 - -20004. List the prime factors of c.
2, 5, 29
Suppose 20*h - 5040 = -22*h. List the prime factors of (-32)/6*(-4230)/h.
2, 47
Let v(y) = 12*y**3 - 4*y**2 - 31*y - 25. Let k(p) = 6*p**3 - 2*p**2 - 15*p - 13. Let q(u) = -9*k(u) + 4*v(u). List the prime factors of q(-5).
2, 3, 127
Suppose -y + d = -507, y - 4*y = -d - 1517. Suppose 5*l - 851 = 2*u, -3*l + 6*l = 4*u + y. What are the prime factors of l?
3, 19
Suppose -4*l + 2*l - 54 = 0. Let w = l - -28. List the prime factors of 13 - w/(-1) - 3.
11
Suppose -5*o - 5*v = -8*v, -3*o = v. What are the prime factors of o + (2422 - -2)/6?
2, 101
Let f = 7358 + -3863. What are the prime factors of f?
3, 5, 233
Suppose 161*v - 3*k = 160*v + 1628, 5*k + 6540 = 4*v. List the prime factors of v.
2, 5, 41
Suppose 4*c = 4, 15*h - 436 = 11*h - 4*c. Let s be 0*3*(-1)/(-6). Suppose 5*z - h = b, 4*z - 2*b + b - 86 = s. What are the prime factors of z?
2, 11
Suppose i - 4*x - 45 = 38, 2*i = 4*x + 162. Let a(m) = i*m**2 + 78*m**2 + 18 - 154*m**2 - 9*m. List the prime factors of a(8).
2, 3, 23
List the prime factors of (-6)/69 + (-868716)/(-69).
2, 5, 1259
Let a = -100 - -111. Let h = -7 + a. Suppose 0 = o - 1 + 4, -2*k + h*o = -214. What are the prime factors of k?
101
Suppose 24 = 16*a - 72. Suppose 3*g - 310 = v, 195 = 2*g - a*v + 3*v. What are the prime factors of g?
3, 5, 7
Suppose 0 = -3702*t + 3733*t - 765545. List the prime factors of t.
5, 11, 449
Let w(j) = j**3 - 126*j + 11954. What are the prime factors of w(0)?
2, 43, 139
Suppose k = 5*k - 144. Let f = k - 33. Suppose 0 = -f*y + 185 + 73. List the prime factors of y.
2, 43
Let o be 2/(-4*1/(-4)). Let r(i) = -2*i - 424*i**o - 15 + 442*i**2 + 4*i. List the prime factors of r(3).
3, 17
Suppose -341*c + 9230359 = -43*c - 3896839. List the prime factors of c.
7, 29, 31
Let l = 18860 - 9418. List the prime factors of l.
2, 4721
Let h = -71 - -102. Suppose 32*q = h*q + 149. Suppose -2*b + q = -301. List the prime factors of b.
3, 5
Suppose 5*b - 2*b = 240. Let r(w) = 3*w + 16. Let z be r(6). Suppose b + z = m. What are the prime factors of m?
2, 3, 19
Let a(f